mposite number?
True
Is 48224611 a prime number?
True
Is 65290529 a composite number?
False
Is 11558 a composite number?
True
Is 33697991 a composite number?
False
Is 1414079 composite?
True
Is 85275571 composite?
False
Is 52100977 composite?
False
Is 107996011 prime?
True
Is 2254643 prime?
True
Is 613069 prime?
False
Is 1968331 composite?
False
Is 618543511 a composite number?
False
Is 2155579 composite?
False
Is 317094243 a prime number?
False
Is 28089169 a composite number?
False
Is 215123369 prime?
False
Is 143415319 composite?
False
Is 660592481 a prime number?
True
Is 48076991 a composite number?
True
Is 1218461 composite?
True
Is 22910557 a composite number?
False
Is 426369191 prime?
True
Is 35317831 a composite number?
False
Is 789527 a prime number?
True
Is 162779737 prime?
False
Is 101795935 prime?
False
Is 1958866171 prime?
True
Is 104694691 composite?
True
Is 473245 a prime number?
False
Is 623923 a prime number?
True
Is 90988567 prime?
True
Is 159499577 a composite number?
False
Is 13081529 a prime number?
False
Is 2005291 a prime number?
False
Is 25881535 prime?
False
Is 201281 prime?
True
Is 1593937 a composite number?
True
Is 1587191 composite?
True
Is 11726371 a composite number?
True
Is 20530319 prime?
False
Is 288147007 a prime number?
True
Is 4186157 composite?
True
Is 23776627 a composite number?
True
Is 8015719 a composite number?
False
Is 1704973 a composite number?
True
Is 334289 a composite number?
False
Is 5062133 prime?
True
Is 225775529 a prime number?
False
Is 2644817 prime?
False
Is 5497391 a prime number?
False
Is 8778641 composite?
False
Is 840793691 composite?
False
Is 39952399 prime?
False
Is 2836103 prime?
True
Is 4567513 composite?
False
Is 202712347 a prime number?
True
Is 27715267 a prime number?
True
Is 61288651 composite?
True
Is 10454713 composite?
True
Is 4411367 a prime number?
False
Is 30040219 a prime number?
False
Is 113177 a composite number?
False
Is 37272647 prime?
False
Is 29067253 a composite number?
True
Is 30890521 composite?
False
Is 17577991 a composite number?
False
Is 475596101 prime?
True
Is 18166997 prime?
False
Is 7678477 prime?
True
Is 1717517 a composite number?
False
Is 1125107 a prime number?
False
Is 8389049 a composite number?
True
Is 2754271 a composite number?
True
Is 152281947 a prime number?
False
Is 8580167 composite?
False
Is 146360099 prime?
False
Is 36161311 a composite number?
False
Is 1025461 composite?
True
Is 12035939 composite?
False
Is 25809233 a composite number?
True
Is 353638 prime?
False
Is 121501883 composite?
False
Is 6519541 prime?
False
Is 126147311 a prime number?
True
Is 451093 composite?
False
Is 3028241 a prime number?
True
Is 43879763 a prime number?
False
Is 13675723 a composite number?
True
Is 4785271 composite?
False
Is 1973467 a prime number?
True
Is 17866649 composite?
False
Is 175529 composite?
True
Is 1061537 a composite number?
True
Is 138863947 a prime number?
True
Is 1550873 prime?
True
Is 18457259 composite?
False
Is 26449181 a composite number?
True
Is 1472239 a composite number?
False
Is 85297 a prime number?
True
Is 13038353 prime?
False
Is 3815039 a composite number?
True
Is 7597717 a composite number?
False
Is 6001063 a prime number?
True
Is 116089537 a prime number?
False
Is 25443191 prime?
True
Is 134096041 composite?
True
Is 59757359 a prime number?
False
Is 598880543 a composite number?
False
Is 116470219 prime?
False
Is 2407972207 a prime number?
True
Is 15931259 composite?
False
Is 38468239 a prime number?
False
Is 2440343 prime?
False
Is 50819809 a prime number?
True
Is 176049287 a prime number?
True
Is 60686111 a prime number?
True
Is 933739 a prime number?
True
Is 266468531 a composite number?
True
Is 1380199 a prime number?
True
Is 16942951 prime?
True
Is 458073667 prime?
True
Is 7180814 a prime number?
False
Is 4968701 prime?
False
Is 1995319 a prime number?
False
Is 6371017 composite?
True
Is 638556547 a prime number?
True
Is 63023827 prime?
False
Is 286293599 a composite number?
True
Is 12184463 composite?
True
Is 1711009 a prime number?
False
Is 1268865471 composite?
True
Is 28079651 a prime number?
True
Is 193109227 composite?
False
Is 156090359 a composite number?
False
Is 1866827 a composite number?
False
Is 5021927 a prime number?
False
Is 1876229 a prime number?
False
Is 741382289 prime?
True
Is 26646263 prime?
False
Is 721437 a composite number?
True
Is 2458819 composite?
True
Is 99230137 composite?
False
Is 21623 a composite number?
True
Is 74129359 composite?
False
Is 23937943 composite?
False
Is 118023 a composite number?
True
Is 1250479 a prime number?
True
Is 99041819 composite?
False
Is 59885899 a composite number?
True
Is 1208677 a prime number?
True
Is 2395621 composite?
False
Is 46595917 a prime number?
True
Is 319187401 a composite number?
True
Is 87334851 a prime number?
False
Is 2167338905 composite?
True
Is 867653 a composite number?
False
Is 8456417 a prime number?
True
Is 1778099 prime?
True
Is 64151 prime?
True
Is 77692861 a composite number?
False
Is 5150557 composite?
True
Is 389036915 composite?
True
Is 11702443 composite?
True
Is 2650559 prime?
True
Is 3311087 a prime number?
False
Is 16043023 composite?
False
Is 61735397 a prime number?
True
Is 73494493 composite?
False
Is 172847 a composite number?
True
Is 3824413 composite?
False
Is 33655309 composite?
False
Is 1543979 a composite number?
False
Is 1507403 prime?
False
Is 10346723 composite?
False
Is 12054463 a prime number?
True
Is 474667881 a composite number?
True
Is 1395223 a prime number?
True
Is 16754861 a composite number?
True
Is 395821 a composite number?
True
Is 33559951 composite?
False
Is 953671 a composite number?
False
Is 65221787 composite?
True
Is 55970609 composite?
True
Is 63848903 a prime number?
False
Is 83717 composite?
False
Is 23824181 composite?
False
Is 12066011 composite?
True
Is 51544277 a composite number?
False
Is 41294971 a prime number?
True
Is 10519006 a prime number?
False
Is 176825455 prime?
False
Is 573877 prime?
False
Is 1392357 a composite number?
True
Is 110105771 composite?
False
Is 94253 prime?
True
Is 94429739 composite?
False
Is 136771379 prime?
False
Is 1694443 prime?
True
Is 6427703 a composite number?
False
Is 4793023 a composite number?
True
Is 1893669 composite?
True
Is 1944763 a composite number?
False
Is 5615791 a prime number?
True
Is 467131 prime?
False
Is 285009541 composite?
False
Is 8560763 prime?
True
Is 8950489 prime?
True
Is 63114911 prime?
True
Is 9628417 a composite number?
True
Is 42339719 a prime number?
True
Is 975512515 prime?
False
Is 2286682 composite?
True
Is 4721879 composite?
False
Is 3217457 a composite number?
True
Is 1579363 prime?
True
Is 4106237 a prime number?
True
Is 34836641 composite?
True
Is 1620989 composite?
False
Is 7158533 prime?
False
Is 6425089 a prime number?
False
Is 3607427 a prime number?
False
Is 16152307 composite?
False
Is 148800181 prime?
False
Is 3108647 prime?
False
Is 5288039 a prime number?
False
Is 637615063 a prime number?
True
Is 446141 a composite number?
False
Is 17593217 a composite number?
False
Is 120749 composite?
False
Is 82650613 composite?
False
Is 3914723 composite?
False
Is 2325293 composite?
True
Is 20899694 a composite number?
True
Is 104480457 composite?
True
Is 23985833 prime?
True
Is 758333 a composite number?
True
Is 1565651 a prime number?
True
Is 86769733 prime?
True
Is 1594223 a composite number?
False
Is 213751709 a prime number?
True
Is 46993871 prime?
False
Is 495390071 a composite number?
True
Is 1157201 a prime number?
True
Is 26616153 prime?
False
Is 36396033 composite?
True
Is 936554 a prime number?
False
Is 74099893 a composite number?
True
Is 15464255 composite?
True
Is 661253 a prime number?
True
Is 84927539 a composite number?
False
Is 1372729 prime?
False
Is 367137523 composite?
True
Is 2969761 a prime number?
False
Is 2822739 composite?
True
Is 47826563 a composite number?
True
Is 1244243561 composite?
True
Is 253697 prime?
False
Is 538349 prime?
False
Is 2880637 prime?
False
Is 507158921 a composite number?
True
Is 1132171 composite?
True
Is 558301 a composite number?
True
Is 5877929 prime?
True
Is 38286181 a composite number?
False
Is 2301122 a composite number?
True
Is 2624669 a composite number?
True
Is 706